). Calculate the highest common divisor of 17 and a.
17
Let a(q) = -2*q - 344 - 20*q + 312. Let c be a(-8). Calculate the highest common divisor of c and 18.
18
Let a(z) be the second derivative of -z**4/12 - 7*z**3/3 + z**2/2 - 11*z. Let f be a(-7). Calculate the greatest common factor of f and 75.
25
Suppose 40 = -5*c + 3*u + 2*u, 5 = 5*u. Let q be (-189)/(-18)*(-15)/c*2. What is the greatest common divisor of q and 5?
5
Let w be (10 - 1)*(-6)/(-27). Suppose 2*i - 46 = -r, -w*i + 58 = -0*i - 5*r. Calculate the highest common factor of i and 60.
12
Suppose -4*n = -9*n + 60. Suppose -4*y = -3*z + 15 - 297, -z + 290 = 4*y. Let c = y - 36. Calculate the greatest common divisor of n and c.
12
Let w = 8 - -9. Let d = 326 - 224. Calculate the greatest common divisor of w and d.
17
Suppose -37 + 0 = r. Let t be (-7 - r)*10/6. Let i be (4/(-5))/(4/(-50)). Calculate the greatest common factor of i and t.
10
Let i(s) = -s**2 + 2*s - 3. Let m be i(-4). Let h = m + 33. Calculate the greatest common factor of 15 and h.
3
Suppose -4*v = 2*j + 26 - 382, 0 = 2*v + 6. Calculate the greatest common factor of j and 69.
23
Let j be 7 - 208/32 - 2/(-4). Let d = 26 - 17. Calculate the greatest common factor of j and d.
1
Let r be 6 - (2 - -2 - 2). Suppose -r*h = -2*h - 288. Let w(n) = -2*n**3 + 2*n**2 + 2*n - 2. Let x be w(-2). What is the greatest common divisor of h and x?
18
Suppose -2*d + 5 = 3*r, 4*r + 3*d + d = 4. Calculate the highest common divisor of r and 4.
1
Let c be (6/(-2) - -1) + 5. Let r = -157 + 178. Calculate the greatest common divisor of c and r.
3
Suppose 4214 = -1846*o + 1848*o. Calculate the highest common divisor of o and 49.
49
Let g(u) = -u**3 + 6*u**2 - 7*u + 11. Let o be g(6). Let j = o + 40. Calculate the greatest common factor of j and 1.
1
Let b(i) be the second derivative of -i**5/20 - 13*i**4/6 - 14*i**3/3 - 29*i**2 - 3*i - 1. Let v be b(-25). What is the greatest common divisor of 51 and v?
17
Let h = 18 + -18. Suppose h = -t - 19 + 61. Suppose 0*o - 2*f = 3*o - 8, -19 = o + 5*f. What is the greatest common factor of o and t?
6
Suppose 4*p + 60 = 76. Let t be 4*13*(2 + -1). Calculate the highest common divisor of p and t.
4
Let m be 6/(-14) + (-74)/7. Let c(f) = f + 20. Let z be c(m). Calculate the highest common divisor of 9 and z.
9
Let b(v) = -v**3 - 47*v**2 + 47*v + 42. Let r be b(-48). What is the greatest common divisor of r and 200?
10
Suppose 612 = -2*z + 19*z. Calculate the highest common factor of z and 72.
36
Let l = 2232 - 1572. Suppose 5*c = 154 + 146. Calculate the greatest common divisor of c and l.
60
Suppose 116 = 3*z - 2*p - 178, 2*p + 490 = 5*z. What is the highest common factor of z and 126?
14
Suppose 3*l + 2*l = -5. Let s be 1/(l/(-2)) - 74. Let o be ((-6)/9)/(2/s). What is the highest common factor of o and 60?
12
Let w = -177 + 229. Suppose 0 = -l + 2 + 11. What is the highest common divisor of l and w?
13
Let z = 1222 - 1217. Let d be (2 + -3)*5*-1. Calculate the highest common divisor of z and d.
5
Suppose -33*r + 30*r = -108. What is the greatest common factor of 18 and r?
18
Let i(n) = -n**3 - n**2 + 2*n - 9. Let m be i(-6). What is the greatest common factor of 53 and m?
53
Let q(f) = -10*f + 120. Let p be q(11). Let u(k) = -14*k + 6. Let o be u(-6). Calculate the greatest common factor of p and o.
10
Suppose -243*t = -205*t - 43358. Calculate the highest common divisor of t and 7.
7
Let z be 923/52*8 + 12. What is the highest common factor of 242 and z?
22
Let v(k) = -k**3 + 5*k**2 - 5*k + 6. Let u be v(4). Let q be (17 - (2 - -1))/u. Calculate the greatest common factor of q and 35.
7
Let f(k) = 35*k - 313. Let w be f(9). What is the greatest common divisor of 6 and w?
2
Suppose -61*v - 10985 + 44657 = 0. Calculate the highest common divisor of v and 69.
69
Suppose 2*d + 3*l - 82 = 0, -d + 61 = -2*l + 34. Let a = -19 - -159. What is the greatest common divisor of a and d?
35
Suppose 0 = c - 3*a - 1 - 5, 3*c + 42 = -3*a. Let z = 49 + c. What is the highest common factor of 5 and z?
5
Let h be (-3636)/1515*130/(-6). Suppose -l + 316 = 4*r, 315 - 23 = 4*r - 5*l. What is the highest common divisor of r and h?
26
Let j be (-29*(1 - 0))/((-164)/328). Calculate the highest common factor of 928 and j.
58
Let o = -1095 + 1326. What is the greatest common divisor of 21 and o?
21
Let d be (18/8)/(3/40). Suppose -6*b + 5 = -1. Suppose -2*l + b = 5*c - 59, -3*l + c = -56. What is the greatest common factor of d and l?
10
Suppose -154 - 122 = -3*w. Suppose -77*c + w = -75*c. Let z be (-46)/(-6)*(-6)/(-2). Calculate the highest common divisor of c and z.
23
Suppose -5*h = -7*h + 56. Suppose 0 = p + 5*t + h, 3*p = -p + 3*t + 3. Let z be (-44)/p*18/12. Calculate the highest common divisor of 33 and z.
11
Let h be (-1)/(-8) - (-439)/8. Suppose -2*y + 0*y + 88 = 0. What is the highest common factor of h and y?
11
Let q be -1 - (12/(-2))/2. Suppose b = q*b. Suppose b = 4*k + k - 60. Calculate the greatest common divisor of k and 48.
12
Let i = 15 - 22. Let h = 93 + -82. Let u = h + i. Calculate the highest common divisor of u and 4.
4
Suppose 2*r + 4*h = 5*r - 80, 0 = 5*r - 3*h - 115. What is the greatest common factor of 110 and r?
10
Let i be 2 - 6/3 - 0. Suppose i*b + b - 1 = 0. Let k be 13/1 - (-1 - b). Calculate the greatest common divisor of k and 135.
15
Suppose 0*n = -4*n + 12. Suppose -n*p = 2*p. Suppose -19*k + 21*k - 12 = p. What is the highest common factor of 24 and k?
6
Suppose 2*l + 3*h - 7 + 5 = 0, -2*h - 8 = -l. What is the greatest common divisor of 108 and l?
4
Suppose -3*r = -0*r - h - 114, 0 = 4*r + 2*h - 162. Let g = r - 17. Calculate the highest common factor of g and 55.
11
Let y be -10 + 260 - (2/1)/2. Suppose -4*d = 3*i - 317 - 22, -3*d = 4*i - y. Calculate the greatest common factor of 58 and d.
29
Let t(z) = -z**2 - 6*z + 2. Let m be t(-6). Suppose -6*l + m*l = 0. Suppose l = h - 0*h - 30. Calculate the greatest common divisor of h and 10.
10
Suppose -435 = -5*i + 7*w, 5*i - 108 = 5*w + 317. Let x = -15 + 7. Let o be 30/x*(-16)/3. Calculate the highest common factor of i and o.
20
Suppose -d - 18 = -c - 35, -5*c = 5*d - 65. What is the greatest common divisor of d and 255?
15
Let m = 164 + -151. Let v(x) = -815*x**3 - x. Let q be v(1). Let r be q/(-9) + 1/3. What is the greatest common factor of r and m?
13
Let k(d) = 4*d + 13. Let j be k(17). Let m = -68 + j. What is the highest common factor of 104 and m?
13
Let y be (-49755)/(-105) + (-1)/(-7). Calculate the highest common divisor of 18 and y.
6
Let d(r) = r**3 - 25*r**2 + 2*r + 20. Let w be d(25). What is the highest common divisor of w and 112?
14
Suppose 2*w - 6*w - 4*u = -12, -5*w - u + 11 = 0. Suppose 2 = w*s - 12. Let p = -4786 - -4800. Calculate the greatest common divisor of p and s.
7
Let s(h) = -13*h**3 - 1. Let p be s(-1). Let t(i) = -2 + i**2 - 2*i**2 - 6 + p*i. Let c be t(6). Calculate the greatest common factor of 4 and c.
4
Let p = -500 - -548. What is the greatest common divisor of 324 and p?
12
Let v be (16 - -1908)*(-6)/(-4). What is the highest common factor of 78 and v?
78
Let o = -10 - -20. Suppose 13*j = 12*j - 25. Let l be (-1 + (-3 - -1) + 1)*j. Calculate the greatest common divisor of o and l.
10
Suppose -32*m + 250 = -166. Calculate the greatest common divisor of m and 1586.
13
Suppose m + 37 = 3*i, 0 = 2*i - 5*m + 6*m - 23. Calculate the highest common factor of i and 84.
12
Let v = 68 - 79. Let j be (4 - v)*(-18)/(-15). Let z = 18 + 9. What is the highest common divisor of z and j?
9
Let a be (-1 - 0/2) + 43. Let k = 13738 - 13717. Calculate the highest common divisor of k and a.
21
Let i = -654 + 1032. Calculate the greatest common divisor of 162 and i.
54
Suppose -1 = 4*u - 21. Let r be (130/(-26))/(1 + 1)*(-4 - 2). Calculate the highest common divisor of r and u.
5
Suppose -10 = -2*h - 2*o, -21 = 2*o - 13. What is the highest common divisor of h and 117?
9
Let c(k) = -k**3 + k**2 + 4*k + 3. Let f be c(-3). Suppose -250 = -5*t - 5*z, -t - 5*z + 34 = -0*t. What is the greatest common divisor of f and t?
27
Let r be (-56)/(-756) - (-1612)/108. Calculate the greatest common factor of r and 120.
15
Let d(a) = a**3 - 12*a**2 - 13*a + 17. Let l be (-5)/(-10) - (-75)/6. Let v be d(l). Calculate the greatest comm